220. Calculate y(4).
36
Let q(z) = 2*z**3 - 49*z**2 + 74*z + 42. Give q(23).
157
Let y(u) = 8*u**2 + 44*u + 165. Give y(-7).
249
Let z(w) = -w**2 + 62*w + 1746. Determine z(-21).
3
Let w(i) = 26*i**2 + 602*i + 93. Give w(-23).
1
Let c(g) = -193*g - 149. What is c(-1)?
44
Let x(r) = -r**3 + 17*r**2 + 237*r + 16. Determine x(-9).
-11
Let c(w) = 115*w + 2768. Calculate c(-24).
8
Let k(p) = p**2 + 20*p - 24. Give k(-24).
72
Let t(j) = 50*j**2 - 290*j - 289. What is t(-1)?
51
Let t(q) = -17*q**2 - 102*q - 397. What is t(-4)?
-261
Let u(o) = 1342*o - 9393. Give u(7).
1
Let h(w) = -44*w - 208. What is h(-5)?
12
Let m(d) = -11*d**2 + 96*d - 70. Give m(7).
63
Let p(q) = q**3 - 386*q**2 + 1893*q + 4579. Determine p(381).
7
Let o(l) = 14*l**2 + 2129*l + 118. Calculate o(-152).
-34
Let i(b) = 8*b**2 + 17*b - 4. What is i(-2)?
-6
Let i(a) = 2*a**2 - 41*a + 239. What is i(15)?
74
Let q(n) = n**3 - 34*n**2 + 5*n + 95. What is q(34)?
265
Let c(t) = -2*t**3 - 2*t - 483. What is c(0)?
-483
Let l(f) = 76*f - 2588. Determine l(34).
-4
Let a(d) = 92*d**2 - 923*d - 29. What is a(10)?
-59
Let j(t) = -t**2 + 69*t - 856. Calculate j(53).
-8
Let a(x) = x**3 + 4*x**2 - 9*x - 10. Determine a(-5).
10
Let u(x) = -633*x + 1272. Determine u(2).
6
Let l(h) = -6*h**2 + 55*h - 112. Give l(5).
13
Let y(b) = -b**3 - 15*b**2 - 79*b - 53. Determine y(-4).
87
Let s(c) = 47*c - 76. Calculate s(2).
18
Let b(j) = -j**2 + 6399*j - 44746. Determine b(7).
-2
Let y(w) = -33*w - 3329. Calculate y(-101).
4
Let d(y) = -4*y**2 + 322*y - 4589. Determine d(62).
-1
Let w(z) = 292*z - 1436. Determine w(5).
24
Let c(b) = 12*b**2 + b. What is c(-3)?
105
Let c(s) = -316*s - 15169. Give c(-48).
-1
Let p(a) = 9*a + 369. Calculate p(-31).
90
Let i(o) = 27*o + 250. Give i(-8).
34
Let g(s) = s**3 - 9*s**2 - 17*s + 66. Calculate g(10).
-4
Let f(z) = -z**2 - 3987*z - 27845. What is f(-7)?
15
Let d(g) = g**3 + 4*g**2 - 23*g - 62. Give d(-5).
28
Let d(b) = 2*b**3 - 71*b**2 - 39*b + 105. Calculate d(36).
-3
Let n(y) = -y**3 + y**2 + 108*y + 298. Give n(-3).
10
Let t(k) = -25*k**2 + 188*k - 15. Give t(8).
-111
Let z(g) = -2*g**2 - 2*g + 109. What is z(-10)?
-71
Let f(d) = -d**3 + 38*d**2 - 72*d - 24. Give f(36).
-24
Let s(d) = 8*d**2 + 104*d - 386. Determine s(-16).
-2
Let j(t) = -1124*t**2 - 22*t - 24. What is j(-1)?
-1126
Let d(j) = -j**3 + 10*j**2 + 144*j - 32. Give d(18).
-32
Let b(z) = 2*z**2 + 45*z - 1715. What is b(21)?
112
Let x(p) = -1707*p - 18780. Give x(-11).
-3
Let v(d) = -8*d**3 - 17*d**2 - 43*d - 7. Calculate v(-2).
75
Let l(w) = 185*w - 887. Determine l(7).
408
Let j(q) = -861*q - 12928. Give j(-15).
-13
Let i(n) = -n**3 + 21*n**2 - 39*n + 4. Give i(19).
-15
Let z(m) = -688*m + 8940. Determine z(13).
-4
Let b(p) = -p**2 - 3684*p + 18446. Give b(5).
1
Let w(d) = 27*d + 3826. What is w(-142)?
-8
Let n(i) = -i**2 + 6*i + 23. Give n(-4).
-17
Let j(u) = -u**3 - 19*u**2 - 72*u - 34. What is j(-14)?
-6
Let g(s) = -5*s**2 + 658*s + 260. Determine g(132).
-4
Let f(q) = 170*q + 8068. Determine f(-48).
-92
Let d(n) = n**3 - 5*n**2 - 20*n + 14. Determine d(-5).
-136
Let n(g) = -g**3 - 24*g**2 - 30*g - 143. Determine n(-23).
18
Let g(s) = -126*s + 11845. What is g(94)?
1
Let w(q) = 5*q**3 + 58*q**2 + 34*q - 1. Determine w(-11).
-12
Let j(k) = -3*k**2 + 252*k - 1822. Give j(76).
2
Let s(r) = -69*r - 173. Give s(1).
-242
Let c(p) = -44*p + 3193. Determine c(72).
25
Let w(d) = -668*d - 3337. Determine w(-5).
3
Let c(w) = -w**2 - 58*w + 175. What is c(-69)?
-584
Let q(c) = 98*c + 8649. What is q(-88)?
25
Let a(y) = 93*y**3 + 2*y**2 - 4*y - 4. Determine a(-1).
-91
Let j(n) = 46*n**3 - 12*n**2 + 5*n - 2. What is j(1)?
37
Let o(p) = -p**3 - 11*p**2 - 53*p - 3. Calculate o(-7).
172
Let m(l) = 776*l - 2320. Give m(3).
8
Let a(d) = -177*d - 4697. What is a(-27)?
82
Let c(n) = -n**2 + 1571*n + 3139. Determine c(-2).
-7
Let u(y) = 44*y**2 - 494*y + 139. What is u(11)?
29
Let b(g) = 70*g - 235. Determine b(-7).
-725
Let m(l) = -685*l - 5477. What is m(-8)?
3
Let a(g) = 2*g**2 + 20*g - 251. What is a(-18)?
37
Let x(z) = 3*z**2 + 73*z - 736. Calculate x(-32).
0
Let w(n) = n**3 - 11*n**2 + 13*n + 13. Give w(6).
-89
Let r(y) = y**3 + 22*y**2 - 6*y + 46. What is r(-22)?
178
Let k(i) = -6*i**2 - 61*i - 26. Determine k(-10).
-16
Let w(c) = c**2 + 37*c + 319. Determine w(-25).
19
Let y(m) = 2*m**3 + 17*m**2 + 9*m - 83. Give y(-7).
1
Let v(g) = 2*g**2 + 6*g - 3. Determine v(1).
5
Let i(s) = s**2 - 92*s + 1760. Determine i(27).
5
Let p(o) = 23*o + 607. What is p(-26)?
9
Let s(m) = -m**2 - 17*m + 161. What is s(-16)?
177
Let w(j) = j**3 - 2*j**2 - 48*j - 14. Calculate w(8).
-14
Let s(z) = -2*z**3 - 20*z**2 - 2*z + 7. What is s(-10)?
27
Let m(u) = -u - 56. Determine m(-35).
-21
Let g(y) = 2*y**3 - 28*y**2 + 17*y + 114. Determine g(13).
-3
Let l(w) = -w**2 + 72*w + 29. Give l(72).
29
Let q(t) = 5*t**2 - t - 75. Determine q(8).
237
Let b(r) = 3*r**2 - 41*r - 7. What is b(15)?
53
Let l(c) = c**3 + 8*c**2 - 20*c - 120. What is l(-7)?
69
Let u(o) = 40*o - 1711. Calculate u(44).
49
Let i(k) = 21*k**2 - 11*k + 12. What is i(2)?
74
Let d(s) = 2*s**3 + 125*s**2 - 64*s - 62. Give d(-63).
1
Let a(m) = -54*m + 4201. Give a(78).
-11
Let x(g) = -495*g - 13390. Give x(-27).
-25
Let l(i) = i**3 - 24*i**2 + 8*i + 71. Give l(23).
-274
Let d(w) = w**3 + 10*w**2 + 27*w + 58. Calculate d(-7).
16
Let h(a) = 7*a**2 - 295*a + 39. Calculate h(42).
-3
Let v(k) = 713*k + 9253. What is v(-13)?
-16
Let j(i) = i**3 + 21*i**2 + 17*i - 92. Determine j(-20).
-32
Let c(p) = -p**2 - 876*p - 1749. Determine c(-2).
-1
Let v(a) = -92*a**2 - 1474*a - 28. Give v(-16).
4
Let k(f) = 35*f - 230. Determine k(6).
-20
Let r(a) = -27*a**2 - 516*a - 49. Give r(-19).
8
Let h(s) = -4*s**3 - 156*s**2 - 2*s - 74. Give h(-39).
4
Let j(y) = 3*y**3 - 18*y**2 - 5*y + 28. Determine j(6).
-2
Let j(q) = -4*q**3 - 166*q**2 - 382*q + 313. Calculate j(-39).
1
Let c(p) = 131*p**2 - 15*p + 3. Give c(2).
497
Let o(v) = 214*v + 12853. Determine o(-60).
13
Let c(f) = 13*f**2 - 337*f - 19. Give c(26).
7
Let q(a) = a**3 + 4*a**2 - 13*a + 4. Determine q(-8).
-148
Let p(n) = -61*n + 110. Calculate p(-3).
293
Let h(j) = -9787*j - 39124. Determine h(-4).
24
Let g(y) = 4*y**3 + 7*y**2 - 3*y - 6. Give g(-3).
-42
Let q(p) = 10621*p - 318636. Give q(30).
-6
Let g(x) = -3*x**2 + 99*x + 363. Determine g(36).
39
Let a(l) = -4*l**3 + 103*l**2 + 24*l - 72. Give a(26).
-124
Let o(v) = -v**3 + 49*v**2 - 21*v - 1227. Determine o(48).
69
Let d(g) = 2*g**2 - 37*g - 55. What is d(24)?
209
Let k(v) = v**3 - 36*v**2 + 278*v - 28. Calculate k(25).
47
Let s(c) = 2*c**3 - 5*c**2 + 3*c - 1. Calculate s(2).
1
Let q(a) = -602*a + 43937. What is q(73)?
-9
Let t(l) = l**2 - 15*l + 17. Calculate t(2).
-9
Let c(r) = r**3 - 22*r**2 - 9*r + 240. Determine c(22).
42
Let p(a) = 2*a**3 + 24*a**2 + 14*a - 88. Give p(-11).
0
Let g(o) = -31*o - 183. What is g(-8)?
65
Let b(n) = n**2 - 41*n + 249. Give b(8).
-15
Let v(q) = -q**3 - q**2 - 41*q - 213. Determine v(-4).
-1
Let o(n) = n**2 + 22*n + 89. What is o(-9)?
-28
Let g(f) = -3*f**3 + 49*f**2 - 2*f - 271. Calculate g(16).
-47
Let g(k) = -7*k**3 - 10*k**2 + 65*k + 109. Determine g(-2).
-5
Let m(r) = -r**2 + 67*r + 1740. Calculate m(-20).
0
Let x(z) = -117*z - 2450. Give x(-21).
7
Let c(f) = -f**3 + f**2 - f + 106. Determine c(0).
106
Let p(z) = -z**2 + 13*z + 253. Calculate p(15).
223
Let y(o) = 38*o**2 - 52*o - 6. Give y(-2).
250
Let f(c) = 32*c - 550. Determine f(17).
-6
Let h(n) = -2*n**3 + 7*n**2 - 21*n + 64. Calculate h(3).
10
Let j(r) = -2*r + 296. Determine j(121).
54
Let d(k) = -k**2 - 2*k + 57. What is d(0)?
57
Let z(q) = -3*q + 63. Determine z(-15).
108
Let a(c) = 11*c**2 - 52*c - 7. Determine a(5).
8
Let a(c) = -c**2 - 68*c - 999. Determine a(-46).
13
Let n(s) = -26*s**2 + 61*s - 5. Give n(2).
13
Let g(v) = v**2 + 27*v - 13. Give g(-30).
77
Let d(q) = -5*q + 184. Calculate d(48).
-56
Let t(h) = 5*h**2 - 11*h - 40. What is t(-3)?
38
Let r(d) = d**3 + 13*d**2 - 11*d - 105. What is r(-7)?
266
Let f(s) = 4*s**2 + 54*s + 150. Determine f(-3).
24
Let d(x) = 185*x - 7399. Calculate d(40).
1
Let f(m) = -4*m**3 + 22*m**2 + 8*m + 9. Calculate f(6).
-15
Let q(t) = 22*t - 51. What is q(-1)?
-73
Let c(t) = 58*t + 3195. Calculate c(-55).
5
Let w(x) = -40*x + 196. Determine w(5).
-4
Let 